-v**2 - 676*v - 114013. Calculate w(-324).
35
Let l(b) = 388*b**2 - 8935*b + 215. Calculate l(23).
-38
Let v(l) = -252*l + 26592. Determine v(107).
-372
Let x(a) = 659057*a - 62. What is x(0)?
-62
Let m(u) = 1421*u - 3076. Determine m(2).
-234
Let c(z) = -195*z**2 - 1849*z - 29. What is c(-10)?
-1039
Let k(x) = 3*x**2 - 855*x + 4261. Give k(5).
61
Let b(g) = -5366*g - 772609. Calculate b(-144).
95
Let p(b) = -b**2 - 2424*b - 58219. Give p(-24).
-619
Let v(l) = -l**3 - 27*l**2 + 1163*l + 710. Determine v(-50).
60
Let f(b) = 3451*b + 24332. Determine f(-7).
175
Let g(u) = -2*u**3 + 259*u**2 - 1122*u - 343. Determine g(125).
32
Let i(z) = -z**3 + 4*z**2 + 672*z - 4013. What is i(6)?
-53
Let s(w) = -6*w**2 - 115*w + 4337. Calculate s(-38).
43
Let q(a) = -3038*a - 26302. Give q(-9).
1040
Let i(l) = 6*l**2 + 702*l + 20527. Determine i(-57).
7
Let i(t) = -2*t**2 + 3*t + 3723. Give i(-42).
69
Let f(w) = -623*w - 14727. Give f(-29).
3340
Let i(v) = -v**3 + 173*v**2 - 523*v + 60363. Determine i(172).
-9
Let k(n) = 216*n + 13595. Give k(-59).
851
Let t(h) = 5*h**3 - 31*h**2 - 341*h + 2041. Calculate t(6).
-41
Let k(o) = 102*o - 2467. Calculate k(14).
-1039
Let h(w) = 727*w + 8145. Give h(-11).
148
Let r(x) = 2*x**3 + 8*x**2 - 119*x - 404. What is r(-3)?
-29
Let d(w) = w**3 - 36*w**2 + 207*w - 28. Give d(7).
0
Let r(d) = -409*d - 92943. What is r(-227)?
-100
Let g(j) = -2*j**2 - 92*j + 92. Determine g(-29).
1078
Let h(i) = 47*i**3 - 12*i**2 + 21*i - 18. Give h(3).
1206
Let a(z) = z**3 + 118*z**2 + 1189*z + 1520. Calculate a(-107).
236
Let g(v) = -1125142*v - 6750832. Give g(-6).
20
Let u(g) = -2*g**3 + 47*g**2 - 165*g + 511. Calculate u(20).
11
Let m(r) = -141*r**3 - 25*r**2 - 112*r + 139. Calculate m(1).
-139
Let c(m) = -5*m**3 + 48*m**2 + 335*m + 4. Give c(-5).
154
Let h(g) = 11*g**3 + 88*g**2 + 149*g + 14. What is h(-2)?
-20
Let c(q) = -776*q**2 + 20957*q + 8. What is c(27)?
143
Let w(y) = -5438*y + 172591. Calculate w(32).
-1425
Let o(j) = -j**2 + 1932*j - 17304. Determine o(9).
3
Let a(s) = 41*s**2 - 127*s - 3197. Determine a(10).
-367
Let z(w) = 2*w**2 + 215*w + 1064. Give z(-62).
-4578
Let f(p) = -p**3 + 2*p**2 - 453*p - 33. Calculate f(0).
-33
Let n(d) = 251*d**2 - 1778*d + 3079. Give n(3).
4
Let k(n) = n**2 + 207*n + 6082. What is k(-35)?
62
Let l(x) = 435*x**2 + 14*x - 15. Determine l(1).
434
Let q(x) = -3*x**2 - 62412*x - 997839. Determine q(-16).
-15
Let l(m) = -2*m**3 + 166*m**2 + 93*m - 1920. Calculate l(83).
5799
Let a(v) = 14691264*v - 88147588. Determine a(6).
-4
Let s(t) = -17*t**2 - 3135*t - 483. Calculate s(-185).
-2333
Let a(p) = 187*p**3 - 95181*p**2 - 993*p - 12726. Give a(509).
-1
Let y(s) = -20327*s - 650466. Determine y(-32).
-2
Let h(d) = -73146*d - 365700. Determine h(-5).
30
Let r(f) = 15944*f - 812902. Give r(51).
242
Let m(k) = -1365*k + 11945. Determine m(10).
-1705
Let l(r) = -87*r - 649. Determine l(-10).
221
Let d(m) = 31*m + 1065. What is d(-47)?
-392
Let h(b) = -61*b**2 + 283*b - 1015. Give h(4).
-859
Let l(z) = 2988*z + 220943. Calculate l(-74).
-169
Let s(u) = 7344*u - 80477. Give s(11).
307
Let k(o) = 37*o**2 - 67*o - 273. Determine k(-4).
587
Let p(o) = o**2 - 6350*o - 4245605. Determine p(-610).
-5
Let y(k) = -10408*k + 93669. What is y(9)?
-3
Let z(v) = 50*v**3 - 1247*v**2 - 91*v + 347. Give z(25).
-53
Let y(w) = -5017*w + 35097. Determine y(7).
-22
Let u(l) = -l**3 + 20*l**2 + 1049*l - 4457. What is u(4)?
-5
Let v(i) = -52*i**2 - 50*i - 77. Give v(-4).
-709
Let g(x) = 8*x**2 - 1416*x - 49686. Determine g(-30).
-6
Let d(y) = y**2 - 1102*y - 31846. Determine d(-28).
-206
Let o(b) = -1075*b - 36361. Give o(-33).
-886
Let v(z) = 10987*z - 164819. Give v(15).
-14
Let q(m) = 230308*m + 1612152. What is q(-7)?
-4
Let x(t) = 935*t + 57815. Determine x(-62).
-155
Let f(w) = 19*w**2 - 212*w + 15. Give f(7).
-538
Let s(o) = -37*o**2 + 4142*o + 195. Determine s(112).
-29
Let h(k) = -k**2 + 145*k + 2843. Determine h(162).
89
Let o(k) = 1435*k**2 + 11449*k - 245. Determine o(-8).
3
Let u(y) = -30*y**2 - 10019*y + 298. Determine u(-334).
-36
Let n(d) = 2*d**3 - 105*d**2 + 153*d - 57. What is n(51)?
-57
Let g(m) = -44*m**2 - 4415*m + 2401. Give g(-101).
-528
Let u(q) = q**3 + 207*q**2 + 10428*q - 5229. Determine u(-119).
7
Let p(y) = 1881*y + 680938. What is p(-362)?
16
Let z(j) = -5375*j - 1290000. Determine z(-240).
0
Let u(j) = -41*j - 1158. Calculate u(-30).
72
Let o(t) = -51080*t + 3320174. What is o(65)?
-26
Let n(v) = v**2 + 276523*v + 102. Give n(0).
102
Let m(f) = -f**3 + 91*f**2 + 559*f - 7614. What is m(96)?
-30
Let y(f) = 1661*f + 86874. Calculate y(-52).
502
Let d(z) = -3*z**2 + 248*z + 23883. Calculate d(-57).
0
Let v(u) = 3*u - 152. What is v(27)?
-71
Let g(p) = 56824*p - 738682. Determine g(13).
30
Let z(k) = -36*k - 2366. Calculate z(-58).
-278
Let k(u) = -630*u + 230583. Determine k(366).
3
Let i(o) = -o**3 - 43*o**2 + 347*o + 28. What is i(-50)?
178
Let c(o) = -o**3 + 49*o**2 - 573*o + 253. Calculate c(18).
-17
Let u(m) = -152*m**2 - 444*m + 68. Give u(-3).
32
Let m(l) = -46*l - 2422. Calculate m(-53).
16
Let f(h) = -h**3 + 10*h**2 + 28*h - 590. Calculate f(11).
-403
Let j(n) = 20*n**2 - 1144*n - 3351. Give j(60).
9
Let j(k) = -3*k**3 - 779*k**2 - 7981*k - 3248. Determine j(-249).
-11
Let a(z) = -6*z**2 - 1220*z - 6063. What is a(-5)?
-113
Let h(q) = 2258*q + 7391. Give h(-3).
617
Let y(r) = -20*r + 772. Give y(38).
12
Let g(t) = 12*t**3 + 139*t**2 + 125*t + 28. Give g(-10).
678
Let p(z) = 1177*z - 77381. What is p(66)?
301
Let q(y) = -y**2 - 534*y - 69976. Give q(-231).
17
Let p(f) = 542*f**2 - 26585*f + 1322. Determine p(49).
-1
Let j(u) = -22*u**2 - 2209*u + 13856. What is j(6)?
-190
Let p(q) = -q**3 + 96*q**2 + 249*q - 14727. Calculate p(97).
17
Let f(u) = -u**3 + 9*u**2 - 199*u + 2747. Calculate f(12).
-73
Let v(s) = -33550*s - 134184. What is v(-4)?
16
Let d(k) = -k**3 + 16*k**2 + 3898*k - 58792. Give d(15).
-97
Let j(n) = -n**3 - 128*n**2 - 4074*n - 211. Determine j(-70).
769
Let u(k) = -23*k**2 - 16613*k - 83043. Give u(-5).
-553
Let k(l) = -l**2 + 286*l - 13450. Determine k(59).
-57
Let a(v) = 42*v**2 + 649*v - 61. Calculate a(-16).
307
Let p(f) = -23242*f + 23419. Give p(1).
177
Let f(g) = -84*g**2 + 835*g + 4121. What is f(-5)?
-2154
Let g(k) = -3*k**2 - 30*k - 1840. What is g(-37)?
-4837
Let y(t) = -2*t**2 - 353*t - 15055. What is y(-103)?
86
Let s(n) = 6*n**3 + 706*n**2 + 360*n - 12649. What is s(-117)?
-13
Let s(c) = -8*c**3 - c**2 - 13*c + 91. Calculate s(4).
-489
Let f(j) = -2227*j + 242774. What is f(109)?
31
Let v(h) = 124545*h - 2615404. Calculate v(21).
41
Let b(t) = -657*t + 851474. Give b(1296).
2
Let d(k) = -2218*k - 144341. Give d(-65).
-171
Let n(d) = -41524*d + 1370292. Give n(33).
0
Let o(w) = 59*w**2 + 8034*w + 9311. Calculate o(-135).
-4
Let s(m) = m**3 - 36*m**2 + 63*m + 274. What is s(34)?
104
Let r(z) = z**2 + 481*z - 7738. What is r(15)?
-298
Let a(n) = n**2 + 859*n + 122857. What is a(-181)?
139
Let u(o) = -88*o**2 - 195*o - 371. What is u(-2)?
-333
Let d(a) = -28*a**2 - 676*a - 114. Determine d(-24).
-18
Let w(n) = 6625*n + 953999. Calculate w(-144).
-1
Let z(i) = 9*i**3 + 17*i**2 + 136*i + 496. What is z(-4)?
-352
Let a(t) = -3*t**2 - 284200*t + 1136827. Calculate a(4).
-21
Let k(c) = 3472*c**2 - 114576*c + 30. Determine k(33).
30
Let c(z) = 1389633*z + 6948160. Determine c(-5).
-5
Let i(v) = -19*v**3 + 3*v**2 + 1904*v + 3784. Calculate i(-2).
140
Let q(r) = -r**3 + 165*r**2 + 35427*r - 848. Determine q(288).
16
Let f(x) = 38*x**2 + 91*x - 499. Give f(5).
906
Let q(x) = 79713*x - 239140. Calculate q(3).
-1
Let n(h) = -16*h**2 - 60*h + 1834. What is n(9)?
-2
Let w(p) = -764*p**2 + 16821*p - 241. Calculate w(22).
45
Let t(i) = 8*i**2 - 2350*i + 11560. Determine t(5).
10
Let m(s) = -1711*s - 21183. What is m(-11)?
-2362
Let l(z) = z**2 + 92797*z + 371203. Give l(-4).
31
Let o(a) = -15*a**3 - 5*a**2 + 49*a + 101. What is o(-2)?
103
Let s(l) = -28946*l - 86847. Determine s(-3).
-9
Let g(v) = v**3 - 308*v**2 - 626*v + 1757. Determine g(310).
-103
Let n(t) = -t**2 - 90790*t + 7087682. Calculate n(78).
-22
Let x(i) = i**3 + 47*i**2 - 110*i - 96. Determine x(-49).
492
Let l(g) = -2996*g + 2037285. Calculate l(680).
5
Let s(t) = -3*t**3 + 19*t**2 + 168*t - 588. Calculate s(3).
6